{"id":18,"date":"2024-03-08T20:20:06","date_gmt":"2024-03-08T20:20:06","guid":{"rendered":"https:\/\/xn--socitsecrtefraternitnwo-ubctbq.com\/?page_id=18"},"modified":"2025-04-19T16:55:40","modified_gmt":"2025-04-19T16:55:40","slug":"our-beliefs","status":"publish","type":"page","link":"https:\/\/xn--socitsecrtefraternitnwo-ubctbq.com\/?page_id=18","title":{"rendered":"NOS CONVICTIONS"},"content":{"rendered":"\t\t<div data-elementor-type=\"wp-page\" data-elementor-id=\"18\" class=\"elementor elementor-18\" data-elementor-post-type=\"page\">\n\t\t\t\t<div class=\"elementor-element elementor-element-63524d35 e-flex e-con-boxed e-con e-parent\" data-id=\"63524d35\" data-element_type=\"container\" data-e-type=\"container\" data-settings=\"{&quot;background_background&quot;:&quot;classic&quot;}\">\n\t\t\t\t\t<div class=\"e-con-inner\">\n\t\t\t\t<div class=\"elementor-element elementor-element-432c28b elementor-widget elementor-widget-spacer\" data-id=\"432c28b\" data-element_type=\"widget\" data-e-type=\"widget\" data-widget_type=\"spacer.default\">\n\t\t\t\t<div class=\"elementor-widget-container\">\n\t\t\t\t\t\t\t<div class=\"elementor-spacer\">\n\t\t\t<div class=\"elementor-spacer-inner\"><\/div>\n\t\t<\/div>\n\t\t\t\t\t\t<\/div>\n\t\t\t\t<\/div>\n\t\t\t\t<div class=\"elementor-element elementor-element-5608151 elementor-widget elementor-widget-spacer\" data-id=\"5608151\" data-element_type=\"widget\" data-e-type=\"widget\" data-widget_type=\"spacer.default\">\n\t\t\t\t<div class=\"elementor-widget-container\">\n\t\t\t\t\t\t\t<div class=\"elementor-spacer\">\n\t\t\t<div class=\"elementor-spacer-inner\"><\/div>\n\t\t<\/div>\n\t\t\t\t\t\t<\/div>\n\t\t\t\t<\/div>\n\t\t\t\t<div class=\"elementor-element elementor-element-7018df93 elementor-widget elementor-widget-heading\" data-id=\"7018df93\" data-element_type=\"widget\" data-e-type=\"widget\" data-widget_type=\"heading.default\">\n\t\t\t\t<div class=\"elementor-widget-container\">\n\t\t\t\t\t<h2 class=\"elementor-heading-title elementor-size-default\">Rejoignez les Illuminati aujourd'hui<\/h2>\t\t\t\t<\/div>\n\t\t\t\t<\/div>\n\t\t\t\t<div class=\"elementor-element elementor-element-329dfe04 elementor-widget elementor-widget-text-editor\" data-id=\"329dfe04\" data-element_type=\"widget\" data-e-type=\"widget\" data-widget_type=\"text-editor.default\">\n\t\t\t\t<div class=\"elementor-widget-container\">\n\t\t\t\t\t\t\t\t\t<p>Rejoignez les Illuminati aujourd&#8217;hui\u00a0! Que vous soyez pasteur, homme politique, artiste ou que vous aspiriez \u00e0 la gloire, \u00e0 la richesse ou au pouvoir, profitez de cette opportunit\u00e9 pour r\u00e9aliser vos r\u00eaves. Contactez-nous d\u00e8s aujourd&#8217;hui pour faire de vos aspirations une r\u00e9alit\u00e9. Les Illuminati sont une organisation mondiale de dirigeants pour la prosp\u00e9rit\u00e9 de l&#8217;humanit\u00e9.<\/p>\t\t\t\t\t\t\t\t<\/div>\n\t\t\t\t<\/div>\n\t\t\t\t<div class=\"elementor-element elementor-element-6b91609e elementor-align-center elementor-widget elementor-widget-button\" data-id=\"6b91609e\" data-element_type=\"widget\" data-e-type=\"widget\" data-widget_type=\"button.default\">\n\t\t\t\t<div class=\"elementor-widget-container\">\n\t\t\t\t\t\t\t\t\t<div class=\"elementor-button-wrapper\">\n\t\t\t\t\t<a class=\"elementor-button elementor-button-link elementor-size-sm\" href=\"https:\/\/wa.link\/eet7zw\">\n\t\t\t\t\t\t<span class=\"elementor-button-content-wrapper\">\n\t\t\t\t\t\t\t\t\t<span class=\"elementor-button-text\">Devenez membre aujourd'hui<\/span>\n\t\t\t\t\t<\/span>\n\t\t\t\t\t<\/a>\n\t\t\t\t<\/div>\n\t\t\t\t\t\t\t\t<\/div>\n\t\t\t\t<\/div>\n\t\t\t\t\t<\/div>\n\t\t\t\t<\/div>\n\t\t<div class=\"elementor-element elementor-element-3cb215e1 e-flex e-con-boxed e-con e-parent\" data-id=\"3cb215e1\" data-element_type=\"container\" data-e-type=\"container\" data-settings=\"{&quot;background_background&quot;:&quot;classic&quot;}\">\n\t\t\t\t\t<div class=\"e-con-inner\">\n\t\t<div class=\"elementor-element elementor-element-54132593 e-flex e-con-boxed e-con e-child\" data-id=\"54132593\" data-element_type=\"container\" data-e-type=\"container\">\n\t\t\t\t\t<div class=\"e-con-inner\">\n\t\t\t\t<div class=\"elementor-element elementor-element-6db7081f elementor-widget elementor-widget-image\" data-id=\"6db7081f\" data-element_type=\"widget\" data-e-type=\"widget\" data-widget_type=\"image.default\">\n\t\t\t\t<div class=\"elementor-widget-container\">\n\t\t\t\t\t\t\t\t\t\t\t\t\t\t\t\t<a href=\"https:\/\/wa.link\/02n9sl\">\n\t\t\t\t\t\t\t<img fetchpriority=\"high\" decoding=\"async\" width=\"720\" height=\"477\" src=\"https:\/\/xn--socitsecrtefraternitnwo-ubctbq.com\/wp-content\/uploads\/2025\/04\/WhatsApp-Image-2025-03-29-at-10.03.13-1.jpeg\" class=\"attachment-large size-large wp-image-2173\" alt=\"\" srcset=\"https:\/\/xn--socitsecrtefraternitnwo-ubctbq.com\/wp-content\/uploads\/2025\/04\/WhatsApp-Image-2025-03-29-at-10.03.13-1.jpeg 720w, https:\/\/xn--socitsecrtefraternitnwo-ubctbq.com\/wp-content\/uploads\/2025\/04\/WhatsApp-Image-2025-03-29-at-10.03.13-1-300x199.jpeg 300w\" sizes=\"(max-width: 720px) 100vw, 720px\" \/>\t\t\t\t\t\t\t\t<\/a>\n\t\t\t\t\t\t\t\t\t\t\t\t\t\t\t<\/div>\n\t\t\t\t<\/div>\n\t\t\t\t\t<\/div>\n\t\t\t\t<\/div>\n\t\t<div class=\"elementor-element elementor-element-655b8ffd e-flex e-con-boxed e-con e-child\" data-id=\"655b8ffd\" data-element_type=\"container\" data-e-type=\"container\" data-settings=\"{&quot;background_background&quot;:&quot;classic&quot;}\">\n\t\t\t\t\t<div class=\"e-con-inner\">\n\t\t\t\t<div class=\"elementor-element elementor-element-6e8be5d5 elementor-widget elementor-widget-heading\" data-id=\"6e8be5d5\" data-element_type=\"widget\" data-e-type=\"widget\" data-widget_type=\"heading.default\">\n\t\t\t\t<div class=\"elementor-widget-container\">\n\t\t\t\t\t<h2 class=\"elementor-heading-title elementor-size-default\">Nos convictions<\/h2>\t\t\t\t<\/div>\n\t\t\t\t<\/div>\n\t\t\t\t<div class=\"elementor-element elementor-element-2d371ae9 elementor-widget elementor-widget-heading\" data-id=\"2d371ae9\" data-element_type=\"widget\" data-e-type=\"widget\" data-widget_type=\"heading.default\">\n\t\t\t\t<div class=\"elementor-widget-container\">\n\t\t\t\t\t<h2 class=\"elementor-heading-title elementor-size-default\">VIVEZ LA LUMI\u00c8RE<\/h2>\t\t\t\t<\/div>\n\t\t\t\t<\/div>\n\t\t\t\t<div class=\"elementor-element elementor-element-5f0495e8 elementor-widget elementor-widget-text-editor\" data-id=\"5f0495e8\" data-element_type=\"widget\" data-e-type=\"widget\" data-widget_type=\"text-editor.default\">\n\t\t\t\t<div class=\"elementor-widget-container\">\n\t\t\t\t\t\t\t\t\t<p>Les Illuminati ne sont pas une \u00e9glise, une religion, un groupe politique ou un organisme de bienfaisance. Il s\u2019agit d\u2019un collectif mondial d\u2019\u00e9lite qui se consacre \u00e0 la promotion des int\u00e9r\u00eats de l\u2019humanit\u00e9 au-del\u00e0 des divisions religieuses et politiques. Nous travaillons uniquement pour le bien commun, sans imposer de convictions personnelles ou de moralit\u00e9 \u00e0 nos citoyens.<\/p>\t\t\t\t\t\t\t\t<\/div>\n\t\t\t\t<\/div>\n\t\t\t\t\t<\/div>\n\t\t\t\t<\/div>\n\t\t\t\t\t<\/div>\n\t\t\t\t<\/div>\n\t\t<div class=\"elementor-element elementor-element-13de1078 e-flex e-con-boxed e-con e-parent\" data-id=\"13de1078\" data-element_type=\"container\" data-e-type=\"container\" data-settings=\"{&quot;background_background&quot;:&quot;classic&quot;}\">\n\t\t\t\t\t<div class=\"e-con-inner\">\n\t\t<div class=\"elementor-element elementor-element-7b265db1 e-flex e-con-boxed e-con e-child\" data-id=\"7b265db1\" data-element_type=\"container\" data-e-type=\"container\">\n\t\t\t\t\t<div class=\"e-con-inner\">\n\t\t\t\t<div class=\"elementor-element elementor-element-55be4062 elementor-widget elementor-widget-image\" data-id=\"55be4062\" data-element_type=\"widget\" data-e-type=\"widget\" data-widget_type=\"image.default\">\n\t\t\t\t<div class=\"elementor-widget-container\">\n\t\t\t\t\t\t\t\t\t\t\t\t\t\t\t<img decoding=\"async\" width=\"174\" height=\"290\" src=\"https:\/\/xn--socitsecrtefraternitnwo-ubctbq.com\/wp-content\/uploads\/2024\/11\/images-1.jpeg\" class=\"attachment-large size-large wp-image-1929\" alt=\"\" \/>\t\t\t\t\t\t\t\t\t\t\t\t\t\t\t<\/div>\n\t\t\t\t<\/div>\n\t\t\t\t<div class=\"elementor-element elementor-element-1ceb205d elementor-widget elementor-widget-image\" data-id=\"1ceb205d\" data-element_type=\"widget\" data-e-type=\"widget\" data-widget_type=\"image.default\">\n\t\t\t\t<div class=\"elementor-widget-container\">\n\t\t\t\t\t\t\t\t\t\t\t\t\t\t\t<img decoding=\"async\" width=\"800\" height=\"400\" src=\"https:\/\/xn--socitsecrtefraternitnwo-ubctbq.com\/wp-content\/uploads\/2024\/03\/2-4.jpeg\" class=\"attachment-large size-large wp-image-123\" alt=\"\" srcset=\"https:\/\/xn--socitsecrtefraternitnwo-ubctbq.com\/wp-content\/uploads\/2024\/03\/2-4.jpeg 800w, https:\/\/xn--socitsecrtefraternitnwo-ubctbq.com\/wp-content\/uploads\/2024\/03\/2-4-300x150.jpeg 300w, https:\/\/xn--socitsecrtefraternitnwo-ubctbq.com\/wp-content\/uploads\/2024\/03\/2-4-768x384.jpeg 768w\" sizes=\"(max-width: 800px) 100vw, 800px\" \/>\t\t\t\t\t\t\t\t\t\t\t\t\t\t\t<\/div>\n\t\t\t\t<\/div>\n\t\t\t\t\t<\/div>\n\t\t\t\t<\/div>\n\t\t<div class=\"elementor-element elementor-element-3add0be8 e-con-full e-flex e-con e-child\" data-id=\"3add0be8\" data-element_type=\"container\" data-e-type=\"container\">\n\t\t\t\t<div class=\"elementor-element elementor-element-27272609 elementor-widget elementor-widget-heading\" data-id=\"27272609\" data-element_type=\"widget\" data-e-type=\"widget\" data-widget_type=\"heading.default\">\n\t\t\t\t<div class=\"elementor-widget-container\">\n\t\t\t\t\t<h2 class=\"elementor-heading-title elementor-size-default\">Dans une salle de millionnaires, la connaissance est une v\u00e9ritable richesse.<\/h2>\t\t\t\t<\/div>\n\t\t\t\t<\/div>\n\t\t\t\t<div class=\"elementor-element elementor-element-351ad47e elementor-widget elementor-widget-text-editor\" data-id=\"351ad47e\" data-element_type=\"widget\" data-e-type=\"widget\" data-widget_type=\"text-editor.default\">\n\t\t\t\t<div class=\"elementor-widget-container\">\n\t\t\t\t\t\t\t\t\t<p><span>L\u2019humanit\u00e9 brise ses cha\u00eenes, se lib\u00e8re de ses besoins. Malgr\u00e9 l\u2019approche de transformation, nous devons naviguer dans les limites de la soci\u00e9t\u00e9 actuelle. Ceux qui r\u00e9sistent \u00e0 nos appels continuent de b\u00e9n\u00e9ficier des protections que nous promettons, avec des compromis temporaires pour la s\u00e9curit\u00e9 collective. Le maintien de l\u2019ordre permet un transfert pacifique du pouvoir.<\/span><\/p><p><span>Le premier devoir d\u2019un gouvernement est de prot\u00e9ger ses fronti\u00e8res et sa population. Les dirigeants du monde, tout en partageant notre vision d&#8217;une humanit\u00e9 unifi\u00e9e, doivent trouver un \u00e9quilibre entre nos objectifs et la protection de leurs tribus contre les menaces de guerre actuelles.<\/span><\/p><p><span>Si le mondialisme est notre avenir, les fronti\u00e8res actuelles permettent aux citoyens de choisir leur soci\u00e9t\u00e9 et leur gouvernement. Au milieu du chaos, des fronti\u00e8res prot\u00e9g\u00e9es assurent la s\u00e9curit\u00e9 et garantissent que l\u2019humanit\u00e9 ne se perd pas dans la jungle de l\u2019anarchie.<\/span><\/p>\t\t\t\t\t\t\t\t<\/div>\n\t\t\t\t<\/div>\n\t\t\t\t<div class=\"elementor-element elementor-element-49ddfebc elementor-align-left elementor-widget elementor-widget-button\" data-id=\"49ddfebc\" data-element_type=\"widget\" data-e-type=\"widget\" data-widget_type=\"button.default\">\n\t\t\t\t<div class=\"elementor-widget-container\">\n\t\t\t\t\t\t\t\t\t<div class=\"elementor-button-wrapper\">\n\t\t\t\t\t<a class=\"elementor-button elementor-button-link elementor-size-sm\" href=\"https:\/\/wa.link\/eet7zw\">\n\t\t\t\t\t\t<span class=\"elementor-button-content-wrapper\">\n\t\t\t\t\t\t\t\t\t<span class=\"elementor-button-text\">Rejoignez-nous pour recevoir<\/span>\n\t\t\t\t\t<\/span>\n\t\t\t\t\t<\/a>\n\t\t\t\t<\/div>\n\t\t\t\t\t\t\t\t<\/div>\n\t\t\t\t<\/div>\n\t\t\t\t<div class=\"elementor-element elementor-element-d98ee19 elementor-widget elementor-widget-spacer\" data-id=\"d98ee19\" data-element_type=\"widget\" data-e-type=\"widget\" data-widget_type=\"spacer.default\">\n\t\t\t\t<div class=\"elementor-widget-container\">\n\t\t\t\t\t\t\t<div class=\"elementor-spacer\">\n\t\t\t<div class=\"elementor-spacer-inner\"><\/div>\n\t\t<\/div>\n\t\t\t\t\t\t<\/div>\n\t\t\t\t<\/div>\n\t\t\t\t<\/div>\n\t\t\t\t\t<\/div>\n\t\t\t\t<\/div>\n\t\t<div class=\"elementor-element elementor-element-70dbb9b1 e-flex e-con-boxed e-con e-parent\" data-id=\"70dbb9b1\" data-element_type=\"container\" data-e-type=\"container\" data-settings=\"{&quot;background_background&quot;:&quot;classic&quot;}\">\n\t\t\t\t\t<div class=\"e-con-inner\">\n\t\t<div class=\"elementor-element elementor-element-7d39c30b e-flex e-con-boxed e-con e-child\" data-id=\"7d39c30b\" data-element_type=\"container\" data-e-type=\"container\">\n\t\t\t\t\t<div class=\"e-con-inner\">\n\t\t\t\t<div class=\"elementor-element elementor-element-13b0bf7 elementor-position-top elementor-widget elementor-widget-image-box\" data-id=\"13b0bf7\" data-element_type=\"widget\" data-e-type=\"widget\" data-widget_type=\"image-box.default\">\n\t\t\t\t<div class=\"elementor-widget-container\">\n\t\t\t\t\t<div class=\"elementor-image-box-wrapper\"><figure class=\"elementor-image-box-img\"><img loading=\"lazy\" decoding=\"async\" width=\"800\" height=\"711\" src=\"https:\/\/xn--socitsecrtefraternitnwo-ubctbq.com\/wp-content\/uploads\/2024\/03\/15.jpeg\" class=\"attachment-full size-full wp-image-247\" alt=\"\" srcset=\"https:\/\/xn--socitsecrtefraternitnwo-ubctbq.com\/wp-content\/uploads\/2024\/03\/15.jpeg 800w, https:\/\/xn--socitsecrtefraternitnwo-ubctbq.com\/wp-content\/uploads\/2024\/03\/15-300x267.jpeg 300w, https:\/\/xn--socitsecrtefraternitnwo-ubctbq.com\/wp-content\/uploads\/2024\/03\/15-768x683.jpeg 768w\" sizes=\"(max-width: 800px) 100vw, 800px\" \/><\/figure><div class=\"elementor-image-box-content\"><h3 class=\"elementor-image-box-title\">Avancement financier<\/h3><p class=\"elementor-image-box-description\">Devenez riche avec nous ! Rejoignez les Illuminati et recevez de l'argent lors de votre inscription. La vie et l\u2019argent vont de pair \u2013 agissez maintenant !<\/p><\/div><\/div>\t\t\t\t<\/div>\n\t\t\t\t<\/div>\n\t\t\t\t\t<\/div>\n\t\t\t\t<\/div>\n\t\t<div class=\"elementor-element elementor-element-5be55b85 e-flex e-con-boxed e-con e-child\" data-id=\"5be55b85\" data-element_type=\"container\" data-e-type=\"container\">\n\t\t\t\t\t<div class=\"e-con-inner\">\n\t\t\t\t<div class=\"elementor-element elementor-element-135b616b elementor-position-top elementor-widget elementor-widget-image-box\" data-id=\"135b616b\" data-element_type=\"widget\" data-e-type=\"widget\" data-widget_type=\"image-box.default\">\n\t\t\t\t<div class=\"elementor-widget-container\">\n\t\t\t\t\t<div class=\"elementor-image-box-wrapper\"><figure class=\"elementor-image-box-img\"><img loading=\"lazy\" decoding=\"async\" width=\"894\" height=\"731\" src=\"https:\/\/xn--socitsecrtefraternitnwo-ubctbq.com\/wp-content\/uploads\/2024\/03\/11.jpg\" class=\"attachment-full size-full wp-image-243\" alt=\"\" srcset=\"https:\/\/xn--socitsecrtefraternitnwo-ubctbq.com\/wp-content\/uploads\/2024\/03\/11.jpg 894w, https:\/\/xn--socitsecrtefraternitnwo-ubctbq.com\/wp-content\/uploads\/2024\/03\/11-300x245.jpg 300w, https:\/\/xn--socitsecrtefraternitnwo-ubctbq.com\/wp-content\/uploads\/2024\/03\/11-768x628.jpg 768w\" sizes=\"(max-width: 894px) 100vw, 894px\" \/><\/figure><div class=\"elementor-image-box-content\"><h3 class=\"elementor-image-box-title\">Favorise le bonheur<\/h3><p class=\"elementor-image-box-description\">Rejoindre les Illuminati est b\u00e9n\u00e9fique et offre des avantages tels qu\u2019une vie personnelle am\u00e9lior\u00e9e, une meilleure sant\u00e9 et un bien-\u00eatre g\u00e9n\u00e9ral. Les membres b\u00e9n\u00e9ficient d\u2019avantages tangibles et intangibles.<\/p><\/div><\/div>\t\t\t\t<\/div>\n\t\t\t\t<\/div>\n\t\t\t\t\t<\/div>\n\t\t\t\t<\/div>\n\t\t<div class=\"elementor-element elementor-element-6f6a7efd e-flex e-con-boxed e-con e-child\" data-id=\"6f6a7efd\" data-element_type=\"container\" data-e-type=\"container\">\n\t\t\t\t\t<div class=\"e-con-inner\">\n\t\t\t\t<div class=\"elementor-element elementor-element-32c16e26 elementor-position-top elementor-widget elementor-widget-image-box\" data-id=\"32c16e26\" data-element_type=\"widget\" data-e-type=\"widget\" data-widget_type=\"image-box.default\">\n\t\t\t\t<div class=\"elementor-widget-container\">\n\t\t\t\t\t<div class=\"elementor-image-box-wrapper\"><figure class=\"elementor-image-box-img\"><img loading=\"lazy\" decoding=\"async\" width=\"400\" height=\"290\" src=\"https:\/\/xn--socitsecrtefraternitnwo-ubctbq.com\/wp-content\/uploads\/2024\/03\/13.png\" class=\"attachment-full size-full wp-image-245\" alt=\"\" srcset=\"https:\/\/xn--socitsecrtefraternitnwo-ubctbq.com\/wp-content\/uploads\/2024\/03\/13.png 400w, https:\/\/xn--socitsecrtefraternitnwo-ubctbq.com\/wp-content\/uploads\/2024\/03\/13-300x218.png 300w\" sizes=\"(max-width: 400px) 100vw, 400px\" \/><\/figure><div class=\"elementor-image-box-content\"><h3 class=\"elementor-image-box-title\">Pr\u00e9parer les gens \u00e0 la grandeur<\/h3><p class=\"elementor-image-box-description\">L'adh\u00e9sion aux Illuminati offre des opportunit\u00e9s de camaraderie, de partage de connaissances et de conseils \u00e0 ceux qui recherchent richesse et bien-\u00eatre. Les membres valorisent l\u2019\u00e9thique et les principes et trouvent satisfaction \u00e0 faire progresser la soci\u00e9t\u00e9.<\/p><\/div><\/div>\t\t\t\t<\/div>\n\t\t\t\t<\/div>\n\t\t\t\t\t<\/div>\n\t\t\t\t<\/div>\n\t\t\t\t\t<\/div>\n\t\t\t\t<\/div>\n\t\t\t\t<\/div>\n\t\t","protected":false},"excerpt":{"rendered":"<p>Rejoignez les Illuminati aujourd&#8217;hui Rejoignez les Illuminati aujourd&#8217;hui\u00a0! Que vous soyez pasteur, homme politique, artiste ou que vous aspiriez \u00e0 [&hellip;]<\/p>\n","protected":false},"author":1,"featured_media":0,"parent":0,"menu_order":0,"comment_status":"closed","ping_status":"closed","template":"","meta":{"_monsterinsights_skip_tracking":false,"_monsterinsights_sitenote_active":false,"_monsterinsights_sitenote_note":"","_monsterinsights_sitenote_category":0,"site-sidebar-layout":"no-sidebar","site-content-layout":"","ast-site-content-layout":"full-width-container","site-content-style":"default","site-sidebar-style":"default","ast-global-header-display":"","ast-banner-title-visibility":"","ast-main-header-display":"","ast-hfb-above-header-display":"","ast-hfb-below-header-display":"","ast-hfb-mobile-header-display":"","site-post-title":"disabled","ast-breadcrumbs-content":"","ast-featured-img":"disabled","footer-sml-layout":"","ast-disable-related-posts":"","theme-transparent-header-meta":"","adv-header-id-meta":"","stick-header-meta":"","header-above-stick-meta":"","header-main-stick-meta":"","header-below-stick-meta":"","astra-migrate-meta-layouts":"default","ast-page-background-enabled":"default","ast-page-background-meta":{"desktop":{"background-color":"var(--ast-global-color-4)","background-image":"","background-repeat":"repeat","background-position":"center center","background-size":"auto","background-attachment":"scroll","background-type":"","background-media":"","overlay-type":"","overlay-color":"","overlay-opacity":"","overlay-gradient":""},"tablet":{"background-color":"","background-image":"","background-repeat":"repeat","background-position":"center center","background-size":"auto","background-attachment":"scroll","background-type":"","background-media":"","overlay-type":"","overlay-color":"","overlay-opacity":"","overlay-gradient":""},"mobile":{"background-color":"","background-image":"","background-repeat":"repeat","background-position":"center center","background-size":"auto","background-attachment":"scroll","background-type":"","background-media":"","overlay-type":"","overlay-color":"","overlay-opacity":"","overlay-gradient":""}},"ast-content-background-meta":{"desktop":{"background-color":"var(--ast-global-color-5)","background-image":"","background-repeat":"repeat","background-position":"center center","background-size":"auto","background-attachment":"scroll","background-type":"","background-media":"","overlay-type":"","overlay-color":"","overlay-opacity":"","overlay-gradient":""},"tablet":{"background-color":"var(--ast-global-color-5)","background-image":"","background-repeat":"repeat","background-position":"center center","background-size":"auto","background-attachment":"scroll","background-type":"","background-media":"","overlay-type":"","overlay-color":"","overlay-opacity":"","overlay-gradient":""},"mobile":{"background-color":"var(--ast-global-color-5)","background-image":"","background-repeat":"repeat","background-position":"center center","background-size":"auto","background-attachment":"scroll","background-type":"","background-media":"","overlay-type":"","overlay-color":"","overlay-opacity":"","overlay-gradient":""}},"footnotes":""},"class_list":["post-18","page","type-page","status-publish","hentry"],"aioseo_notices":[],"_links":{"self":[{"href":"https:\/\/xn--socitsecrtefraternitnwo-ubctbq.com\/index.php?rest_route=\/wp\/v2\/pages\/18","targetHints":{"allow":["GET"]}}],"collection":[{"href":"https:\/\/xn--socitsecrtefraternitnwo-ubctbq.com\/index.php?rest_route=\/wp\/v2\/pages"}],"about":[{"href":"https:\/\/xn--socitsecrtefraternitnwo-ubctbq.com\/index.php?rest_route=\/wp\/v2\/types\/page"}],"author":[{"embeddable":true,"href":"https:\/\/xn--socitsecrtefraternitnwo-ubctbq.com\/index.php?rest_route=\/wp\/v2\/users\/1"}],"replies":[{"embeddable":true,"href":"https:\/\/xn--socitsecrtefraternitnwo-ubctbq.com\/index.php?rest_route=%2Fwp%2Fv2%2Fcomments&post=18"}],"version-history":[{"count":156,"href":"https:\/\/xn--socitsecrtefraternitnwo-ubctbq.com\/index.php?rest_route=\/wp\/v2\/pages\/18\/revisions"}],"predecessor-version":[{"id":2343,"href":"https:\/\/xn--socitsecrtefraternitnwo-ubctbq.com\/index.php?rest_route=\/wp\/v2\/pages\/18\/revisions\/2343"}],"wp:attachment":[{"href":"https:\/\/xn--socitsecrtefraternitnwo-ubctbq.com\/index.php?rest_route=%2Fwp%2Fv2%2Fmedia&parent=18"}],"curies":[{"name":"wp","href":"https:\/\/api.w.org\/{rel}","templated":true}]}}